= f**3 - 184*f**2 - 18*f + 3362. Let o be h(184). What is the greatest common factor of o and 125?
25
Let p be (-15 + 245)*2/8*2. Suppose -4*b = 5*r - 12, 0 = r + 2*r. Let d be b/(3 - 264/92). Calculate the greatest common divisor of d and p.
23
Let r be 27 + -6 + (-30 - -23). What is the highest common factor of r and 203?
7
Let x = -4926 + 5099. Let o be 5*-1*(-46)/(-5). Let k be o/(-23) - -1*x. Calculate the highest common divisor of k and 70.
35
Suppose 240 + 28 = s. Suppose -m - 4*k + 79 = 0, -4*m + 4*k - s = -8*m. Calculate the greatest common divisor of 18 and m.
9
Suppose 6*p + 6*p = 24. Suppose -7*i + p*i = -40. Calculate the greatest common factor of 56 and i.
8
Suppose -235 + 8835 = 17*q - 27219. What is the highest common divisor of 43 and q?
43
Let r be 57/12 - 1*(-6)/(-8). Let f be (r + (-138)/27)*-9. Calculate the greatest common divisor of 4 and f.
2
Let m be -4*2 - (-8029 - 2/2). Calculate the highest common divisor of 112 and m.
14
Let s(j) = 4*j + 7. Let o be s(-11). Let x = 42 + o. Suppose -5*l = -5*q - 320, -x*l + q - 38 = -342. Calculate the greatest common factor of 90 and l.
30
Suppose -2903 = 18*t + 11101. Let g = -773 - t. Let u(d) = 4*d**2 - 2*d. Let r be u(-2). What is the highest common divisor of g and r?
5
Let m = 547 + -543. Suppose -2*k - s = -32, 0*s - 88 = -4*k + m*s. Calculate the highest common divisor of 144 and k.
18
Let n(p) = 32*p + 429. Let k be n(-12). Let g be (-1 + 2/3)*-9. Suppose 71 = 5*v - 4*r + 10, -39 = -g*v + 3*r. Calculate the greatest common divisor of v and k.
9
Let l be ((-520)/15)/(4/(-6)). Let n = -52 + l. Suppose n = 25*x - 27*x + 12. What is the greatest common divisor of x and 42?
6
Let a = -200 - -248. Suppose a = -3*t + 7*t. Calculate the highest common factor of 324 and t.
12
Suppose 6*g + 66 = j + 4*g, 0 = -2*j - 5*g + 114. Let r = j + -59. What is the highest common factor of r and 6?
3
Suppose 1177 = 24*x - 12287. Suppose 0 = 4*m - 2967 - x. What is the greatest common divisor of m and 18?
18
Let n = 3313 - 2980. What is the highest common divisor of 592 and n?
37
Let w(l) = 101*l - 1. Let z(i) = -5*i + 41. Let u be z(8). Let v be w(u). Calculate the greatest common divisor of v and 80.
20
Let z(k) = k**3 + 26*k**2 + 23*k - 23. Let r = -230 + 205. Let w be z(r). Calculate the greatest common divisor of w and 351.
27
Let y be (-682)/(-2) + -9*(-42)/189. Calculate the greatest common factor of y and 28.
7
Suppose 7*j = 2*j + 135. Let v = -1919 - -1955. Calculate the highest common factor of j and v.
9
Suppose 359*v - 2635 = 342*v. What is the greatest common factor of 80 and v?
5
Let l be (-12558)/(-1196)*((-574)/(-6) + -1). What is the highest common divisor of 142 and l?
142
Let l(j) = 17*j + 302. Let s(b) = -16*b - 301. Let r(t) = 5*l(t) + 4*s(t). Let q be r(-14). Calculate the greatest common divisor of q and 28.
4
Let v = 4 + 70. Let m = 74 - v. Suppose h - 5*p - 199 = 0, 0 = -m*p + 5*p + 25. Calculate the greatest common factor of h and 29.
29
Let w(q) = 63*q + 8198. Let f be w(-66). Calculate the highest common divisor of 40 and f.
40
Let z = 8442 - 7477. Calculate the highest common divisor of z and 5.
5
Suppose 12*i = 5*i. Suppose 4*k - 32 + 8 = i. Let d(u) = -u**3 - u**2 - u + 24. Let v be d(0). Calculate the highest common factor of k and v.
6
Suppose -150*n + 65*n = 83*n - 24192. What is the greatest common factor of n and 112?
16
Suppose -3*u - 153 = 5*b, -u - b + 4*b = 51. Let p = u - -95. Calculate the highest common divisor of p and 220.
44
Suppose -5*i - 1465 = g - 21431, 0 = -4*i - 4*g + 15976. Calculate the highest common divisor of 121 and i.
121
Let b(v) = -1346*v - 47077. Let y be b(-35). Let f = -8 + 6. Let c be f/(-4) + (-21)/(-2). Calculate the highest common factor of c and y.
11
Let z(n) = -n**3 - 11*n**2 - 13*n + 2. Let r be z(-10). Suppose 0 = 3*t + l - 187, -21 - r = -t + 2*l. What is the highest common factor of 427 and t?
61
Suppose 13*q = 16*q - 54. Let g = q + -18. Suppose -k + 16 + 5 = g. Calculate the highest common divisor of k and 210.
21
Suppose 0 = 665*s - 644*s - 3759. Calculate the greatest common divisor of 179 and s.
179
Suppose 47*f + 4*f - 1921 - 1853 = 0. What is the greatest common factor of 20831 and f?
37
Let b(r) = 12*r**2 - 215*r + 59. Let s be b(18). Calculate the highest common factor of 4543 and s.
77
Let v(k) = 1083*k**2 - 187*k + 835. Let w be v(5). Calculate the greatest common factor of w and 5.
5
Let i be (2 + 20/(-6) - -3)*(16 - -2). Suppose 4*r = 135 + 585. What is the highest common divisor of i and r?
30
Let v(o) = 6*o**2 + 2*o**3 + 7*o**3 - 3*o**3 - 16*o - 5*o**3 + 2. Let t be v(6). Calculate the highest common divisor of 26 and t.
26
Let v(w) = -33*w + 903. Let r be v(21). What is the highest common factor of 3220 and r?
70
Let r = 3815 + -3716. Calculate the highest common divisor of r and 11.
11
Let r be ((-20)/(60/63))/(-3) + (-12)/2. What is the highest common divisor of r and 2557?
1
Let p be ((-3)/(-5))/(19/855). Suppose -2*t + 7*t - 10 = 5*d, 16 = 5*t - 2*d. Let o be 18/(1/24*t). Calculate the highest common factor of p and o.
27
Let u be (3 - 4)*-5 - 2. Suppose -2*y + 14 = w, -2*y - u*w - 9 + 27 = 0. What is the highest common divisor of y and 114?
6
Suppose 5*k - 30 = -5*l, -25 = -2*l - 5*k + 2. Let q be (-15)/(-6) - l - 51/(-6). Suppose -5*f + q*f = 80. What is the highest common divisor of 16 and f?
16
Suppose -148 - 713 = -123*q. Suppose -2*m + 142 = -12. Calculate the greatest common factor of q and m.
7
Suppose -39*x + 7201 - 694 + 2619 = 0. Calculate the greatest common factor of 18 and x.
18
Let m(v) = -v**2 + 60*v - 405. Let z be m(51). Suppose 4*c - 5*g = 1949, -c + 3*g + 489 = -0*c. Calculate the greatest common factor of z and c.
54
Let i(f) = 48*f - 196. Let r be i(6). What is the greatest common divisor of r and 1?
1
Suppose -3*h - 5*a + 1331 = 0, -2*h = -a - 1407 + 498. Suppose -3*d - 53 = -2*c + h, c - 265 = 4*d. Calculate the highest common divisor of c and 35.
35
Let w(m) = 108*m - 2823. Let d be w(66). Calculate the highest common divisor of 105 and d.
105
Let v(n) = -2*n**3 - 2*n**2 - n + 3. Let q be v(-5). Let w be -16 - (-60 - (-3 + -15)). Calculate the greatest common divisor of q and w.
26
Let r = -79 - 269. Let s be -3*(r/(-10))/(72/(-80)). Calculate the highest common factor of 290 and s.
58
Let q = 4277 + -4265. Calculate the greatest common factor of q and 2676.
12
Let d be 1 - -1*-13*4. Suppose 2*c - 30 - 114 = 0. Let z = d + c. What is the greatest common divisor of 21 and z?
21
Suppose 0 = 4*f + 7*a - 6805 - 8530, -3 = a. Calculate the highest common factor of f and 55.
11
Let o = -1871 + 1068. Let l = 806 + o. What is the greatest common divisor of l and 84?
3
Let o = 167 + -127. Let v be 828/198 - (o/(-22) - -2). Let l be (-74)/2*(-6 - -2)/v. Calculate the highest common divisor of l and 37.
37
Suppose -5*l + 347 = -813. Let k = -449 + 455. Let z(u) = 2*u**3 - 11*u**2 - u - 1. Let r be z(k). What is the greatest common divisor of r and l?
29
Suppose -184*c + 98*c + 14116 + 3686 = 0. What is the highest common divisor of 368 and c?
23
Let g = 240 - 84. Let y be 38/(-6) + 350000/6000. Calculate the greatest common factor of g and y.
52
Let b be (1952/(-20))/((-1)/45*6). Let y = b + -591. Calculate the highest common factor of 329 and y.
47
Let s be (25 + -26)*1*-19. Suppose 83*g + s*g - 25500 = 0. Suppose -2*t + 79 = -21. Calculate the greatest common divisor of g and t.
50
Let p be 202 - (-3 + 8) - -13. Calculate the highest common divisor of p and 462.
42
Let g(c) = 3*c**2 + 64*c + 480. Let x be g(-7). Calculate the greatest common factor of 8592 and x.
179
Suppose 3*v = v - 2, -2*y = -2*v - 58. Suppose -5*b = -2*f + 26, 2*f + 4*b + 1 = -9. Suppose -56 = -f*z - 5*z. Calculate the highest common divisor of z and y.
7
Suppose -249*s + 180 = -245*s. Suppose -s = -d + q - 2*q, -2*q - 155 = -3*d. What is the greatest common factor of 49 and d?
49
Let y(f) = -72*f - 173. Let j be y(-3). Suppose -4*r - j = -127. What is the greatest common factor of r and 147?
21
Let v(n) = n**3 - 59*n**2 - 64*n + 253. Let c be v(60). Suppose -439 = 10*u - 1479. What is the greatest common divisor of c and u?
13
Let a(w) be the third derivative of w**6/120 + 3*w**5/20 + 5*w**4/12 + 5*w**3 - 59*